{"id":1462,"date":"2018-03-15T10:20:57","date_gmt":"2018-03-15T10:20:57","guid":{"rendered":"http:\/\/www.fbycc.org\/?post_type=event_listing&#038;p=1462"},"modified":"2018-03-16T11:56:20","modified_gmt":"2018-03-16T11:56:20","slug":"jornada-bosques-madera-y-arquitectura-4-de-abril","status":"publish","type":"event_listing","link":"https:\/\/www.fbycc.org\/index.php\/events\/jornada-bosques-madera-y-arquitectura-4-de-abril\/","title":{"rendered":"Jornada: \u00abBosques, Madera y Arquitectura\u00bb 4 de abril"},"content":{"rendered":"<p style=\"text-align: justify;\"><img loading=\"lazy\" decoding=\"async\" class=\"size-full wp-image-1459 alignright\" src=\"http:\/\/www.fbycc.org\/wp-content\/uploads\/2018\/03\/banner.png\" alt=\"\" width=\"296\" height=\"200\" \/><span style=\"color: #000000;\">Organizada en colaboraci\u00f3n con el Colegio de Arquitectos de Madrid, con la realizaci\u00f3n de esta jornada se pretende dar a conocer la situaci\u00f3n de los bosques espa\u00f1oles, y la importancia de realizar una gesti\u00f3n sostenible de los mismos.<\/span><\/p>\n<p style=\"text-align: justify;\"><span style=\"color: #000000;\">La madera, como recurso resultante de esa gesti\u00f3n, supone una alternativa para su aplicaci\u00f3n en la arquitectura como medio para hacer frente a los restos que supone el cambio clim\u00e1tico.<\/span><\/p>\n<p style=\"text-align: center;\"><strong>\u00a0<\/strong><a href=\"http:\/\/www.fbycc.org\/wp-content\/uploads\/2018\/03\/Programa-jornada_040418.pdf\"><strong>&gt;&gt; Programa<\/strong><\/a>\u00a0 \u00a0 \u00a0 \u00a0 \u00a0 \u00a0 \u00a0 \u00a0 \u00a0 \u00a0 \u00a0 \u00a0<strong><a href=\"http:\/\/www.coam.org\/CURSOS_IA\/cursos_ia.pkb_cursos_web.form_registro_1?p_id_curso=2858&amp;p_id_convocatoria=2886\">&gt;&gt; Inscripciones<\/a><\/strong><\/p>\n","protected":false},"excerpt":{"rendered":"<p>Organizada en colaboraci\u00f3n con el Colegio de Arquitectos de Madrid, con la realizaci\u00f3n de esta jornada se pretende dar a conocer la situaci\u00f3n de los bosques espa\u00f1oles, y la importancia de realizar<a class=\"moretag\" href=\"https:\/\/www.fbycc.org\/index.php\/events\/jornada-bosques-madera-y-arquitectura-4-de-abril\/\">Leer m\u00e1s&#8230;<\/a><\/p>\n","protected":false},"author":2,"featured_media":0,"parent":0,"menu_order":0,"comment_status":"closed","ping_status":"closed","template":"","event_listing_category":[],"class_list":["post-1462","event_listing","type-event_listing","status-publish","hentry"],"_links":{"self":[{"href":"https:\/\/www.fbycc.org\/index.php\/wp-json\/wp\/v2\/event_listing\/1462","targetHints":{"allow":["GET"]}}],"collection":[{"href":"https:\/\/www.fbycc.org\/index.php\/wp-json\/wp\/v2\/event_listing"}],"about":[{"href":"https:\/\/www.fbycc.org\/index.php\/wp-json\/wp\/v2\/types\/event_listing"}],"author":[{"embeddable":true,"href":"https:\/\/www.fbycc.org\/index.php\/wp-json\/wp\/v2\/users\/2"}],"replies":[{"embeddable":true,"href":"https:\/\/www.fbycc.org\/index.php\/wp-json\/wp\/v2\/comments?post=1462"}],"wp:attachment":[{"href":"https:\/\/www.fbycc.org\/index.php\/wp-json\/wp\/v2\/media?parent=1462"}],"wp:term":[{"taxonomy":"event_listing_category","embeddable":true,"href":"https:\/\/www.fbycc.org\/index.php\/wp-json\/wp\/v2\/event_listing_category?post=1462"}],"curies":[{"name":"wp","href":"https:\/\/api.w.org\/{rel}","templated":true}]}}

<p style="text-align: justify;"><img loading="lazy" decoding="async" class="size-full wp-image-1459 alignright" src="http://www.fbycc.org/wp-content/uploads/2018/03/banner.png" alt="" width="296" height="200" /><span style="color: #000000;">Organizada en colaboración con el Colegio de Arquitectos de Madrid, con la realización de esta jornada se pretende dar a conocer la situación de los bosques españoles, y la importancia de realizar una gestión sostenible de los mismos.</span></p>
<p style="text-align: justify;"><span style="color: #000000;">La madera, como recurso resultante de esa gestión, supone una alternativa para su aplicación en la arquitectura como medio para hacer frente a los restos que supone el cambio climático.</span></p>
<p style="text-align: center;"><strong> </strong><a href="http://www.fbycc.org/wp-content/uploads/2018/03/Programa-jornada_040418.pdf"><strong>&gt;&gt; Programa</strong></a>                       <strong><a href="http://www.coam.org/CURSOS_IA/cursos_ia.pkb_cursos_web.form_registro_1?p_id_curso=2858&amp;p_id_convocatoria=2886">&gt;&gt; Inscripciones</a></strong></p>

<p>Organizada en colaboración con el Colegio de Arquitectos de Madrid, con la realización de esta jornada se pretende dar a conocer la situación de los bosques españoles, y la importancia de realizar<a class="moretag" href="https://www.fbycc.org/index.php/events/jornada-bosques-madera-y-arquitectura-4-de-abril/">Leer más&#8230;</a></p>
