{"id":1407,"date":"2017-11-15T09:38:50","date_gmt":"2017-11-15T09:38:50","guid":{"rendered":"http:\/\/www.fbycc.org\/?post_type=event_listing&#038;p=1407"},"modified":"2017-11-15T09:38:50","modified_gmt":"2017-11-15T09:38:50","slug":"jornada-nuevos-horizontes-de-la-huella-de-carbono","status":"publish","type":"event_listing","link":"https:\/\/www.fbycc.org\/index.php\/events\/jornada-nuevos-horizontes-de-la-huella-de-carbono\/","title":{"rendered":"Jornada Nuevos Horizontes de la Huella de Carbono"},"content":{"rendered":"<p style=\"text-align: justify;\">AENOR y el equipo de Huella de Carbono de Montes-UPM te invitan a la Jornada Nuevos Horizontes de la Huella de Carbono, que tendr\u00e1 lugar el pr\u00f3ximo d\u00eda 22 de noviembre en la Escuela T\u00e9cnica Superior de Ingenier\u00eda de Montes, Forestal y del Medio Natural (UPM).<\/p>\n<p style=\"text-align: justify;\">C\u00f3mo reducir los gases de efecto invernadero, la gesti\u00f3n de la huella de carbono hacia una sostenibilidad ambiental, las nuevas normas ISO en lo que respecta a cambio clim\u00e1tico, an\u00e1lisis de ciclo de vida y tambi\u00e9n input output\u2026 Son algunos de los contenidos que ser\u00e1n tratados por expertos en el sector.<\/p>\n<p style=\"text-align: justify;\">\u00a0&gt;&gt; <a href=\"http:\/\/envios.aenor.es\/media\/DSINOVIEMBRE2016\/phcaenorok.pdf\" target=\"_blank\" rel=\"noopener\">Consulta el programa<\/a><\/p>\n<p style=\"text-align: justify;\">\u00a0&gt;&gt; Aforo limitado. <a href=\"http:\/\/envios.aenor.es\/formuHCaenor.cfm\" target=\"_blank\" rel=\"noopener\">Reserva ya tu plaza<\/a><\/p>\n","protected":false},"excerpt":{"rendered":"<p>AENOR y el equipo de Huella de Carbono de Montes-UPM te invitan a la Jornada Nuevos Horizontes de la Huella de Carbono, que tendr\u00e1 lugar el pr\u00f3ximo d\u00eda 22 de noviembre en<a class=\"moretag\" href=\"https:\/\/www.fbycc.org\/index.php\/events\/jornada-nuevos-horizontes-de-la-huella-de-carbono\/\">Leer m\u00e1s&#8230;<\/a><\/p>\n","protected":false},"author":2,"featured_media":1408,"parent":0,"menu_order":0,"comment_status":"open","ping_status":"closed","template":"","event_listing_category":[52],"class_list":["post-1407","event_listing","type-event_listing","status-publish","has-post-thumbnail","hentry"],"_links":{"self":[{"href":"https:\/\/www.fbycc.org\/index.php\/wp-json\/wp\/v2\/event_listing\/1407","targetHints":{"allow":["GET"]}}],"collection":[{"href":"https:\/\/www.fbycc.org\/index.php\/wp-json\/wp\/v2\/event_listing"}],"about":[{"href":"https:\/\/www.fbycc.org\/index.php\/wp-json\/wp\/v2\/types\/event_listing"}],"author":[{"embeddable":true,"href":"https:\/\/www.fbycc.org\/index.php\/wp-json\/wp\/v2\/users\/2"}],"replies":[{"embeddable":true,"href":"https:\/\/www.fbycc.org\/index.php\/wp-json\/wp\/v2\/comments?post=1407"}],"wp:featuredmedia":[{"embeddable":true,"href":"https:\/\/www.fbycc.org\/index.php\/wp-json\/wp\/v2\/media\/1408"}],"wp:attachment":[{"href":"https:\/\/www.fbycc.org\/index.php\/wp-json\/wp\/v2\/media?parent=1407"}],"wp:term":[{"taxonomy":"event_listing_category","embeddable":true,"href":"https:\/\/www.fbycc.org\/index.php\/wp-json\/wp\/v2\/event_listing_category?post=1407"}],"curies":[{"name":"wp","href":"https:\/\/api.w.org\/{rel}","templated":true}]}}

<p style="text-align: justify;">AENOR y el equipo de Huella de Carbono de Montes-UPM te invitan a la Jornada Nuevos Horizontes de la Huella de Carbono, que tendrá lugar el próximo día 22 de noviembre en la Escuela Técnica Superior de Ingeniería de Montes, Forestal y del Medio Natural (UPM).</p>
<p style="text-align: justify;">Cómo reducir los gases de efecto invernadero, la gestión de la huella de carbono hacia una sostenibilidad ambiental, las nuevas normas ISO en lo que respecta a cambio climático, análisis de ciclo de vida y también input output… Son algunos de los contenidos que serán tratados por expertos en el sector.</p>
<p style="text-align: justify;"> &gt;&gt; <a href="http://envios.aenor.es/media/DSINOVIEMBRE2016/phcaenorok.pdf" target="_blank" rel="noopener">Consulta el programa</a></p>
<p style="text-align: justify;"> &gt;&gt; Aforo limitado. <a href="http://envios.aenor.es/formuHCaenor.cfm" target="_blank" rel="noopener">Reserva ya tu plaza</a></p>

<p>AENOR y el equipo de Huella de Carbono de Montes-UPM te invitan a la Jornada Nuevos Horizontes de la Huella de Carbono, que tendrá lugar el próximo día 22 de noviembre en<a class="moretag" href="https://www.fbycc.org/index.php/events/jornada-nuevos-horizontes-de-la-huella-de-carbono/">Leer más&#8230;</a></p>
