{"id":1394,"date":"2017-10-18T11:00:25","date_gmt":"2017-10-18T11:00:25","guid":{"rendered":"http:\/\/www.fbycc.org\/?post_type=event_listing&#038;p=1394"},"modified":"2017-10-18T11:00:25","modified_gmt":"2017-10-18T11:00:25","slug":"productos-biodegradables-naturales-y-lucha-contra-el-cambio-climatico","status":"publish","type":"event_listing","link":"https:\/\/www.fbycc.org\/index.php\/events\/productos-biodegradables-naturales-y-lucha-contra-el-cambio-climatico\/","title":{"rendered":"Productos biodegradables naturales y lucha contra el cambio clim\u00e1tico"},"content":{"rendered":"<p style=\"text-align: justify;\"><span style=\"font-size: 10pt;\"><strong>9:00 &#8211; 9.10 Apertura y presentaci\u00f3n de la jornada.<\/strong><\/span><br \/>\n<span style=\"font-size: 10pt;\">Jose Manuel Jaquotot Sainz de Miera. Subdirector General de Silvicultura y Montes.<\/span><br \/>\n<span style=\"font-size: 10pt;\">Direcci\u00f3n General de Desarrollo Rural y Pol\u00edtica Forestal. Ministerio de Agricultura y Pesca, Alimentaci\u00f3n y Medio Ambiente (MAPAMA).<\/span><\/p>\n<p style=\"text-align: justify;\"><span style=\"font-size: 10pt;\"><strong>9:10- 9:30 Presentaci\u00f3n jornada<\/strong><\/span><br \/>\n<span style=\"font-size: 10pt;\">Gregorio Chamorro Garc\u00eda y Jorge Gos\u00e1lbez Ruiz. Direcci\u00f3n General de Desarrollo Rural y Pol\u00edtica Forestal. MAPAMA.<\/span><\/p>\n<p style=\"text-align: justify;\"><span style=\"font-size: 10pt;\"><strong>9:30 \u2013 10:30 Contaminaci\u00f3n por micropl\u00e1sticos<\/strong><\/span><br \/>\n<span style=\"font-size: 10pt;\">May G\u00f3mez Cabrera. Lcda. En Biolog\u00eda y Dra. en Oceanograf\u00eda. Universidad de las Palmas de Gran Canaria y Alicia Herrera Ulibarri, Lcda. en Biolog\u00eda y Dra. en Oceanograf\u00eda. Universidad de Las Palmas de Gran Canaria.<\/span><\/p>\n<p style=\"text-align: justify;\"><span style=\"font-size: 10pt;\"><strong>10:30 \u2013 11:00 Pausa caf\u00e9.<\/strong><\/span><\/p>\n<p style=\"text-align: justify;\"><span style=\"font-size: 10pt;\"><strong>11:00 \u2013 12:00 Pl\u00e1sticos biodegradables en la econom\u00eda circular<\/strong><\/span><br \/>\n<span style=\"font-size: 10pt;\">Marina Patricia Arrieta Dillon. Licenciada en Bioqu\u00edmica Cl\u00ednica, Master en Tecnolog\u00eda de los Alimentos y Master Universitario en Ciencia y Tecnolog\u00eda de Pol\u00edmeros, Dra. por la UPV. Investigadora en \u201cInstituto de Ciencia y Tecnolog\u00eda de Pol\u00edmeros Juan de la Cierva (ICTP-CSIC)\u201d<\/span><\/p>\n<p style=\"text-align: justify;\"><span style=\"font-size: 10pt;\"><strong>12:00 \u2013 13:00 Productos naturales para usos medicinales y arom\u00e1ticos.<\/strong><\/span><br \/>\n<span style=\"font-size: 10pt;\">Olga Mar\u00eda Palomino Ru\u00edz-Poveda. Dra. en Farmacia. Universidad Complutense de Madrid.<\/span><\/p>\n<p style=\"text-align: justify;\"><span style=\"font-size: 10pt;\"><strong>13:00 &#8211; 13:30 Turno de preguntas<\/strong><\/span><br \/>\n<span style=\"font-size: 10pt;\">Moderadores: Gregorio Chamorro Garc\u00eda y Jorge Gos\u00e1lbez Ruiz. Direcci\u00f3n General de Desarrollo Rural y Pol\u00edtica forestal. MAPAMA<\/span><\/p>\n<p style=\"text-align: justify;\"><span style=\"font-size: 10pt;\"><strong>13:30 \u2013 14:30 Nueva metodolog\u00eda para la valoraci\u00f3n y pagos por los servicios de los<\/strong><\/span><br \/>\n<span style=\"font-size: 10pt;\">ecosistemas forestales. Miguel Angel de Zavala Giron\u00e9s. Dr. Ingeniero de Montes. Profesor de la Universidad de Alcal\u00e1 de Henares (Madrid)<\/span><\/p>\n<p style=\"text-align: justify;\"><span style=\"font-size: 10pt;\"><strong>14:30 -15:00 Conclusiones y clausura<\/strong><\/span><br \/>\n<span style=\"font-size: 10pt;\">Gregorio Chamorro Garc\u00eda y Jorge Gos\u00e1lbez Ruiz. Direcci\u00f3n General de Desarrollo Rural y Pol\u00edtica Forestal. MAPAMA.<\/span><\/p>\n<p><span style=\"font-size: 10pt;\"><a href=\"http:\/\/www.redruralnacional.es\/-\/jornada-sobre-productos-biodegradables-naturales-y-lucha-contra-el-cambio-climatico\">&gt;&gt; M\u00e1s informaci\u00f3n e inscripciones<\/a><\/span><\/p>\n","protected":false},"excerpt":{"rendered":"<p>9:00 &#8211; 9.10 Apertura y presentaci\u00f3n de la jornada. Jose Manuel Jaquotot Sainz de Miera. Subdirector General de Silvicultura y Montes. Direcci\u00f3n General de Desarrollo Rural y Pol\u00edtica Forestal. Ministerio de Agricultura<a class=\"moretag\" href=\"https:\/\/www.fbycc.org\/index.php\/events\/productos-biodegradables-naturales-y-lucha-contra-el-cambio-climatico\/\">Leer m\u00e1s&#8230;<\/a><\/p>\n","protected":false},"author":2,"featured_media":0,"parent":0,"menu_order":0,"comment_status":"closed","ping_status":"closed","template":"","event_listing_category":[52],"class_list":["post-1394","event_listing","type-event_listing","status-publish","hentry"],"_links":{"self":[{"href":"https:\/\/www.fbycc.org\/index.php\/wp-json\/wp\/v2\/event_listing\/1394","targetHints":{"allow":["GET"]}}],"collection":[{"href":"https:\/\/www.fbycc.org\/index.php\/wp-json\/wp\/v2\/event_listing"}],"about":[{"href":"https:\/\/www.fbycc.org\/index.php\/wp-json\/wp\/v2\/types\/event_listing"}],"author":[{"embeddable":true,"href":"https:\/\/www.fbycc.org\/index.php\/wp-json\/wp\/v2\/users\/2"}],"replies":[{"embeddable":true,"href":"https:\/\/www.fbycc.org\/index.php\/wp-json\/wp\/v2\/comments?post=1394"}],"wp:attachment":[{"href":"https:\/\/www.fbycc.org\/index.php\/wp-json\/wp\/v2\/media?parent=1394"}],"wp:term":[{"taxonomy":"event_listing_category","embeddable":true,"href":"https:\/\/www.fbycc.org\/index.php\/wp-json\/wp\/v2\/event_listing_category?post=1394"}],"curies":[{"name":"wp","href":"https:\/\/api.w.org\/{rel}","templated":true}]}}

Productos biodegradables naturales y lucha contra el cambio climático

<p style="text-align: justify;"><span style="font-size: 10pt;"><strong>9:00 &#8211; 9.10 Apertura y presentación de la jornada.</strong></span><br />
<span style="font-size: 10pt;">Jose Manuel Jaquotot Sainz de Miera. Subdirector General de Silvicultura y Montes.</span><br />
<span style="font-size: 10pt;">Dirección General de Desarrollo Rural y Política Forestal. Ministerio de Agricultura y Pesca, Alimentación y Medio Ambiente (MAPAMA).</span></p>
<p style="text-align: justify;"><span style="font-size: 10pt;"><strong>9:10- 9:30 Presentación jornada</strong></span><br />
<span style="font-size: 10pt;">Gregorio Chamorro García y Jorge Gosálbez Ruiz. Dirección General de Desarrollo Rural y Política Forestal. MAPAMA.</span></p>
<p style="text-align: justify;"><span style="font-size: 10pt;"><strong>9:30 – 10:30 Contaminación por microplásticos</strong></span><br />
<span style="font-size: 10pt;">May Gómez Cabrera. Lcda. En Biología y Dra. en Oceanografía. Universidad de las Palmas de Gran Canaria y Alicia Herrera Ulibarri, Lcda. en Biología y Dra. en Oceanografía. Universidad de Las Palmas de Gran Canaria.</span></p>
<p style="text-align: justify;"><span style="font-size: 10pt;"><strong>10:30 – 11:00 Pausa café.</strong></span></p>
<p style="text-align: justify;"><span style="font-size: 10pt;"><strong>11:00 – 12:00 Plásticos biodegradables en la economía circular</strong></span><br />
<span style="font-size: 10pt;">Marina Patricia Arrieta Dillon. Licenciada en Bioquímica Clínica, Master en Tecnología de los Alimentos y Master Universitario en Ciencia y Tecnología de Polímeros, Dra. por la UPV. Investigadora en “Instituto de Ciencia y Tecnología de Polímeros Juan de la Cierva (ICTP-CSIC)”</span></p>
<p style="text-align: justify;"><span style="font-size: 10pt;"><strong>12:00 – 13:00 Productos naturales para usos medicinales y aromáticos.</strong></span><br />
<span style="font-size: 10pt;">Olga María Palomino Ruíz-Poveda. Dra. en Farmacia. Universidad Complutense de Madrid.</span></p>
<p style="text-align: justify;"><span style="font-size: 10pt;"><strong>13:00 &#8211; 13:30 Turno de preguntas</strong></span><br />
<span style="font-size: 10pt;">Moderadores: Gregorio Chamorro García y Jorge Gosálbez Ruiz. Dirección General de Desarrollo Rural y Política forestal. MAPAMA</span></p>
<p style="text-align: justify;"><span style="font-size: 10pt;"><strong>13:30 – 14:30 Nueva metodología para la valoración y pagos por los servicios de los</strong></span><br />
<span style="font-size: 10pt;">ecosistemas forestales. Miguel Angel de Zavala Gironés. Dr. Ingeniero de Montes. Profesor de la Universidad de Alcalá de Henares (Madrid)</span></p>
<p style="text-align: justify;"><span style="font-size: 10pt;"><strong>14:30 -15:00 Conclusiones y clausura</strong></span><br />
<span style="font-size: 10pt;">Gregorio Chamorro García y Jorge Gosálbez Ruiz. Dirección General de Desarrollo Rural y Política Forestal. MAPAMA.</span></p>
<p><span style="font-size: 10pt;"><a href="http://www.redruralnacional.es/-/jornada-sobre-productos-biodegradables-naturales-y-lucha-contra-el-cambio-climatico">&gt;&gt; Más información e inscripciones</a></span></p>

<p>9:00 &#8211; 9.10 Apertura y presentación de la jornada. Jose Manuel Jaquotot Sainz de Miera. Subdirector General de Silvicultura y Montes. Dirección General de Desarrollo Rural y Política Forestal. Ministerio de Agricultura<a class="moretag" href="https://www.fbycc.org/index.php/events/productos-biodegradables-naturales-y-lucha-contra-el-cambio-climatico/">Leer más&#8230;</a></p>
