{"id":1370,"date":"2017-09-12T09:50:59","date_gmt":"2017-09-12T09:50:59","guid":{"rendered":"http:\/\/www.fbycc.org\/?post_type=event_listing&#038;p=1370"},"modified":"2017-09-12T09:50:59","modified_gmt":"2017-09-12T09:50:59","slug":"dia-internacional-de-las-montanas","status":"publish","type":"event_listing","link":"https:\/\/www.fbycc.org\/index.php\/events\/dia-internacional-de-las-montanas\/","title":{"rendered":"D\u00eda Internacional de las Monta\u00f1as"},"content":{"rendered":"<p style=\"text-align: justify;\">El 20 de diciembre de 2002 la Asamblea General de las Naciones Unidas en la Resoluci\u00f3n 57\/245 \u00abdecide declarar el 11 de diciembre D\u00eda Internacional de las Monta\u00f1as, a partir del 11 de diciembre de 2003, y alienta a la comunidad internacional a que organice actos a todos los niveles ese d\u00eda para resaltar la importancia del desarrollo sostenible de las monta\u00f1as\u00bb.<\/p>\n<p style=\"text-align: justify;\"><strong><em>\u00abLas culturas de las monta\u00f1as: celebramos la diversidad y reforzamos la identidad\u00bb<\/em><\/strong><br \/>\n<em>Las monta\u00f1as cubren entorno a un 22% de la superficie terrestre y desempe\u00f1an un papel fundamental en impulsar el crecimiento econ\u00f3mico sostenible del planeta. No solo proporciona sustento y bienestar a los 915 millones de personas que habitan las regiones monta\u00f1osas \u2014aproximadamente el 13% de la poblaci\u00f3n mundial\u2014, sino que las monta\u00f1as tambi\u00e9n benefician a los miles de millones que viven en las llanuras.<\/em><\/p>\n<blockquote><p><span style=\"font-size: 12pt;\"><a href=\"http:\/\/www.fao.org\/international-mountain-day\/2017-theme\/es\/\">&gt; M\u00e1s informaci\u00f3n<\/a><\/span><\/p><\/blockquote>\n<p style=\"text-align: center;\"><iframe loading=\"lazy\" src=\"\/\/www.youtube.com\/embed\/11rF6zv_8l0\" width=\"560\" height=\"314\" allowfullscreen=\"allowfullscreen\"><\/iframe><\/p>\n","protected":false},"excerpt":{"rendered":"<p>El 20 de diciembre de 2002 la Asamblea General de las Naciones Unidas en la Resoluci\u00f3n 57\/245 \u00abdecide declarar el 11 de diciembre D\u00eda Internacional de las Monta\u00f1as, a partir del 11<a class=\"moretag\" href=\"https:\/\/www.fbycc.org\/index.php\/events\/dia-internacional-de-las-montanas\/\">Leer m\u00e1s&#8230;<\/a><\/p>\n","protected":false},"author":2,"featured_media":0,"parent":0,"menu_order":0,"comment_status":"open","ping_status":"closed","template":"","event_listing_category":[75],"class_list":["post-1370","event_listing","type-event_listing","status-publish","hentry"],"_links":{"self":[{"href":"https:\/\/www.fbycc.org\/index.php\/wp-json\/wp\/v2\/event_listing\/1370","targetHints":{"allow":["GET"]}}],"collection":[{"href":"https:\/\/www.fbycc.org\/index.php\/wp-json\/wp\/v2\/event_listing"}],"about":[{"href":"https:\/\/www.fbycc.org\/index.php\/wp-json\/wp\/v2\/types\/event_listing"}],"author":[{"embeddable":true,"href":"https:\/\/www.fbycc.org\/index.php\/wp-json\/wp\/v2\/users\/2"}],"replies":[{"embeddable":true,"href":"https:\/\/www.fbycc.org\/index.php\/wp-json\/wp\/v2\/comments?post=1370"}],"wp:attachment":[{"href":"https:\/\/www.fbycc.org\/index.php\/wp-json\/wp\/v2\/media?parent=1370"}],"wp:term":[{"taxonomy":"event_listing_category","embeddable":true,"href":"https:\/\/www.fbycc.org\/index.php\/wp-json\/wp\/v2\/event_listing_category?post=1370"}],"curies":[{"name":"wp","href":"https:\/\/api.w.org\/{rel}","templated":true}]}}

Día Internacional de las Montañas

<p style="text-align: justify;">El 20 de diciembre de 2002 la Asamblea General de las Naciones Unidas en la Resolución 57/245 «decide declarar el 11 de diciembre Día Internacional de las Montañas, a partir del 11 de diciembre de 2003, y alienta a la comunidad internacional a que organice actos a todos los niveles ese día para resaltar la importancia del desarrollo sostenible de las montañas».</p>
<p style="text-align: justify;"><strong><em>«Las culturas de las montañas: celebramos la diversidad y reforzamos la identidad»</em></strong><br />
<em>Las montañas cubren entorno a un 22% de la superficie terrestre y desempeñan un papel fundamental en impulsar el crecimiento económico sostenible del planeta. No solo proporciona sustento y bienestar a los 915 millones de personas que habitan las regiones montañosas —aproximadamente el 13% de la población mundial—, sino que las montañas también benefician a los miles de millones que viven en las llanuras.</em></p>
<blockquote><p><span style="font-size: 12pt;"><a href="http://www.fao.org/international-mountain-day/2017-theme/es/">&gt; Más información</a></span></p></blockquote>
<p style="text-align: center;"><iframe loading="lazy" src="//www.youtube.com/embed/11rF6zv_8l0" width="560" height="314" allowfullscreen="allowfullscreen"></iframe></p>

<p>El 20 de diciembre de 2002 la Asamblea General de las Naciones Unidas en la Resolución 57/245 «decide declarar el 11 de diciembre Día Internacional de las Montañas, a partir del 11<a class="moretag" href="https://www.fbycc.org/index.php/events/dia-internacional-de-las-montanas/">Leer más&#8230;</a></p>
