{"id":1346,"date":"2017-08-31T10:04:24","date_gmt":"2017-08-31T10:04:24","guid":{"rendered":"http:\/\/www.fbycc.org\/?post_type=event_listing&#038;p=1346"},"modified":"2017-08-31T10:04:24","modified_gmt":"2017-08-31T10:04:24","slug":"iii-reunion-de-diplomacia-cientifica-tecnologica-y-de-innovacion-espanola","status":"publish","type":"event_listing","link":"https:\/\/www.fbycc.org\/index.php\/events\/iii-reunion-de-diplomacia-cientifica-tecnologica-y-de-innovacion-espanola\/","title":{"rendered":"III Reuni\u00f3n de diplomacia cient\u00edfica, tecnol\u00f3gica y de innovaci\u00f3n espa\u00f1ola"},"content":{"rendered":"<p style=\"text-align: justify;\">Jornada organizada por la Fundaci\u00f3n Ram\u00f3n Areces.<\/p>\n<p style=\"text-align: justify;\">La Diplomacia Cient\u00edfica, Tecnol\u00f3gica y de la Innovaci\u00f3n adquiere hoy m\u00e1s importancia que nunca y se plantea como un trabajo en red con m\u00faltiples agentes (gubernamentales y no gubernamentales, p\u00fablicos y privados) implicados. Su gobernanza, por tanto, implica un esfuerzo de coordinaci\u00f3n e integraci\u00f3n de diferentes movimientos y estrategias que trabajan en pos de intereses compartidos.<\/p>\n<p style=\"text-align: justify;\">Contribuye a resolver los retos m\u00e1s apremiantes de la globalizaci\u00f3n, tales como el cambio clim\u00e1tico, las pandemias, los desastres naturales, la proliferaci\u00f3n nuclear o la seguridad cibern\u00e9tica, apoy\u00e1ndose en el conocimiento cient\u00edfico y la tecnolog\u00eda innovadora.<\/p>\n<p style=\"text-align: justify;\">Apuntala la consecuci\u00f3n de un desarrollo sostenible a largo plazo, conforme a los Objetivos de Desarrollo Sostenible (ODS) de la agenda 2030.<\/p>\n<p style=\"text-align: justify;\">Promueve la colaboraci\u00f3n y la concertaci\u00f3n en las relaciones internacionales tanto p\u00fablicas como privadas. El car\u00e1cter universal de la ciencia y de la investigaci\u00f3n ofrece la oportunidad de trabajar con otros pa\u00edses en el seno de grandes proyectos o participando en grandes infraestructuras de investigaci\u00f3n.<br \/>\nEs adem\u00e1s un canal de comunicaci\u00f3n cuando las relaciones diplom\u00e1ticas est\u00e1n bloqueadas. Se trata por tanto de un instrumento de \u00absoft diplomacy\u00bb en diplomacia p\u00fablica.<\/p>\n<p style=\"text-align: justify;\">Las personas que deseen inscribirse, deber\u00e1n enviar el formulario de inscripci\u00f3n debidamente cumplimentado, hasta el d\u00eda 07\/09\/2017, a: Jornada: III Reuni\u00f3n de diplomacia cient\u00edfica, tecnol\u00f3gica y de innovaci\u00f3n espa\u00f1ola<\/p>\n<p><a href=\"http:\/\/www.fundacionareces.es\/fundacionareces\/cargarFormularioActoSimposio.do?idAgendaEvento=2048\">\u00a0&gt; Inscripci\u00f3n online<\/a><\/p>\n","protected":false},"excerpt":{"rendered":"<p>Jornada organizada por la Fundaci\u00f3n Ram\u00f3n Areces. La Diplomacia Cient\u00edfica, Tecnol\u00f3gica y de la Innovaci\u00f3n adquiere hoy m\u00e1s importancia que nunca y se plantea como un trabajo en red con m\u00faltiples agentes<a class=\"moretag\" href=\"https:\/\/www.fbycc.org\/index.php\/events\/iii-reunion-de-diplomacia-cientifica-tecnologica-y-de-innovacion-espanola\/\">Leer m\u00e1s&#8230;<\/a><\/p>\n","protected":false},"author":2,"featured_media":0,"parent":0,"menu_order":0,"comment_status":"open","ping_status":"closed","template":"","event_listing_category":[52],"class_list":["post-1346","event_listing","type-event_listing","status-publish","hentry"],"_links":{"self":[{"href":"https:\/\/www.fbycc.org\/index.php\/wp-json\/wp\/v2\/event_listing\/1346","targetHints":{"allow":["GET"]}}],"collection":[{"href":"https:\/\/www.fbycc.org\/index.php\/wp-json\/wp\/v2\/event_listing"}],"about":[{"href":"https:\/\/www.fbycc.org\/index.php\/wp-json\/wp\/v2\/types\/event_listing"}],"author":[{"embeddable":true,"href":"https:\/\/www.fbycc.org\/index.php\/wp-json\/wp\/v2\/users\/2"}],"replies":[{"embeddable":true,"href":"https:\/\/www.fbycc.org\/index.php\/wp-json\/wp\/v2\/comments?post=1346"}],"wp:attachment":[{"href":"https:\/\/www.fbycc.org\/index.php\/wp-json\/wp\/v2\/media?parent=1346"}],"wp:term":[{"taxonomy":"event_listing_category","embeddable":true,"href":"https:\/\/www.fbycc.org\/index.php\/wp-json\/wp\/v2\/event_listing_category?post=1346"}],"curies":[{"name":"wp","href":"https:\/\/api.w.org\/{rel}","templated":true}]}}

III Reunión de diplomacia científica, tecnológica y de innovación española

<p style="text-align: justify;">Jornada organizada por la Fundación Ramón Areces.</p>
<p style="text-align: justify;">La Diplomacia Científica, Tecnológica y de la Innovación adquiere hoy más importancia que nunca y se plantea como un trabajo en red con múltiples agentes (gubernamentales y no gubernamentales, públicos y privados) implicados. Su gobernanza, por tanto, implica un esfuerzo de coordinación e integración de diferentes movimientos y estrategias que trabajan en pos de intereses compartidos.</p>
<p style="text-align: justify;">Contribuye a resolver los retos más apremiantes de la globalización, tales como el cambio climático, las pandemias, los desastres naturales, la proliferación nuclear o la seguridad cibernética, apoyándose en el conocimiento científico y la tecnología innovadora.</p>
<p style="text-align: justify;">Apuntala la consecución de un desarrollo sostenible a largo plazo, conforme a los Objetivos de Desarrollo Sostenible (ODS) de la agenda 2030.</p>
<p style="text-align: justify;">Promueve la colaboración y la concertación en las relaciones internacionales tanto públicas como privadas. El carácter universal de la ciencia y de la investigación ofrece la oportunidad de trabajar con otros países en el seno de grandes proyectos o participando en grandes infraestructuras de investigación.<br />
Es además un canal de comunicación cuando las relaciones diplomáticas están bloqueadas. Se trata por tanto de un instrumento de «soft diplomacy» en diplomacia pública.</p>
<p style="text-align: justify;">Las personas que deseen inscribirse, deberán enviar el formulario de inscripción debidamente cumplimentado, hasta el día 07/09/2017, a: Jornada: III Reunión de diplomacia científica, tecnológica y de innovación española</p>
<p><a href="http://www.fundacionareces.es/fundacionareces/cargarFormularioActoSimposio.do?idAgendaEvento=2048"> &gt; Inscripción online</a></p>

<p>Jornada organizada por la Fundación Ramón Areces. La Diplomacia Científica, Tecnológica y de la Innovación adquiere hoy más importancia que nunca y se plantea como un trabajo en red con múltiples agentes<a class="moretag" href="https://www.fbycc.org/index.php/events/iii-reunion-de-diplomacia-cientifica-tecnologica-y-de-innovacion-espanola/">Leer más&#8230;</a></p>
