{"id":1183,"date":"2017-07-20T08:38:40","date_gmt":"2017-07-20T08:38:40","guid":{"rendered":"http:\/\/www.fbycc.org\/?post_type=event_listing&#038;p=1183"},"modified":"2017-07-20T08:40:07","modified_gmt":"2017-07-20T08:40:07","slug":"i-congreso-nacional-de-bioeconomia","status":"publish","type":"event_listing","link":"https:\/\/www.fbycc.org\/index.php\/events\/i-congreso-nacional-de-bioeconomia\/","title":{"rendered":"I Congreso Nacional de Bioeconom\u00eda"},"content":{"rendered":"<p style=\"text-align: justify;\">Santander ser\u00e1 anfitriona del I Congreso Nacional de Bioeconom\u00eda, un evento que contar\u00e1 con la participaci\u00f3n de expertos nacionales e internacionales del sector forestal.<\/p>\n<p style=\"text-align: justify;\">Los organizadores han avanzado que el congreso pondr\u00e1 el foco en las \u00faltimas tendencias y actualidad de la Bioeconom\u00eda, un t\u00e9rmino que se utiliza para describir el conjunto de actividades econ\u00f3micas que obtienen productos y servicios, generando actividad econ\u00f3mica con la utilizaci\u00f3n de los recursos de origen biol\u00f3gico como materia prima.<\/p>\n<p style=\"text-align: justify;\">Seg\u00fan han explicado, se tratar\u00e1n aspectos como la hoja de ruta para el desarrollo de la bioeconom\u00eda en la UE o la importancia que esta nueva corriente econ\u00f3mica est\u00e1 teniendo y va a tener como transici\u00f3n hacia una econom\u00eda sostenible y verde.<\/p>\n<p style=\"text-align: justify;\">Tambi\u00e9n se debatir\u00e1 en torno a la Estrategia espa\u00f1ola de Bioeconom\u00eda Horizonte 2030, que establece como meta llegar a este a\u00f1o con m\u00e1s empresas m\u00e1s innovadoras, competitivas y eficientes, y una econom\u00eda m\u00e1s diversificada y medioambientalmente sostenible.<\/p>\n","protected":false},"excerpt":{"rendered":"<p>Santander ser\u00e1 anfitriona del I Congreso Nacional de Bioeconom\u00eda, un evento que contar\u00e1 con la participaci\u00f3n de expertos nacionales e internacionales del sector forestal. Los organizadores han avanzado que el congreso pondr\u00e1<a class=\"moretag\" href=\"https:\/\/www.fbycc.org\/index.php\/events\/i-congreso-nacional-de-bioeconomia\/\">Leer m\u00e1s&#8230;<\/a><\/p>\n","protected":false},"author":2,"featured_media":0,"parent":0,"menu_order":0,"comment_status":"open","ping_status":"closed","template":"","event_listing_category":[76],"class_list":["post-1183","event_listing","type-event_listing","status-publish","hentry"],"_links":{"self":[{"href":"https:\/\/www.fbycc.org\/index.php\/wp-json\/wp\/v2\/event_listing\/1183","targetHints":{"allow":["GET"]}}],"collection":[{"href":"https:\/\/www.fbycc.org\/index.php\/wp-json\/wp\/v2\/event_listing"}],"about":[{"href":"https:\/\/www.fbycc.org\/index.php\/wp-json\/wp\/v2\/types\/event_listing"}],"author":[{"embeddable":true,"href":"https:\/\/www.fbycc.org\/index.php\/wp-json\/wp\/v2\/users\/2"}],"replies":[{"embeddable":true,"href":"https:\/\/www.fbycc.org\/index.php\/wp-json\/wp\/v2\/comments?post=1183"}],"wp:attachment":[{"href":"https:\/\/www.fbycc.org\/index.php\/wp-json\/wp\/v2\/media?parent=1183"}],"wp:term":[{"taxonomy":"event_listing_category","embeddable":true,"href":"https:\/\/www.fbycc.org\/index.php\/wp-json\/wp\/v2\/event_listing_category?post=1183"}],"curies":[{"name":"wp","href":"https:\/\/api.w.org\/{rel}","templated":true}]}}

I Congreso Nacional de Bioeconomía

<p style="text-align: justify;">Santander será anfitriona del I Congreso Nacional de Bioeconomía, un evento que contará con la participación de expertos nacionales e internacionales del sector forestal.</p>
<p style="text-align: justify;">Los organizadores han avanzado que el congreso pondrá el foco en las últimas tendencias y actualidad de la Bioeconomía, un término que se utiliza para describir el conjunto de actividades económicas que obtienen productos y servicios, generando actividad económica con la utilización de los recursos de origen biológico como materia prima.</p>
<p style="text-align: justify;">Según han explicado, se tratarán aspectos como la hoja de ruta para el desarrollo de la bioeconomía en la UE o la importancia que esta nueva corriente económica está teniendo y va a tener como transición hacia una economía sostenible y verde.</p>
<p style="text-align: justify;">También se debatirá en torno a la Estrategia española de Bioeconomía Horizonte 2030, que establece como meta llegar a este año con más empresas más innovadoras, competitivas y eficientes, y una economía más diversificada y medioambientalmente sostenible.</p>

<p>Santander será anfitriona del I Congreso Nacional de Bioeconomía, un evento que contará con la participación de expertos nacionales e internacionales del sector forestal. Los organizadores han avanzado que el congreso pondrá<a class="moretag" href="https://www.fbycc.org/index.php/events/i-congreso-nacional-de-bioeconomia/">Leer más&#8230;</a></p>
