{"id":1152,"date":"2017-07-07T11:57:54","date_gmt":"2017-07-07T11:57:54","guid":{"rendered":"http:\/\/www.fbycc.org\/?post_type=event_listing&#038;p=1152"},"modified":"2017-07-07T11:58:15","modified_gmt":"2017-07-07T11:58:15","slug":"1152","status":"publish","type":"event_listing","link":"https:\/\/www.fbycc.org\/index.php\/events\/1152\/","title":{"rendered":"D\u00eda Internacional de la Preservaci\u00f3n de la Capa de Ozono"},"content":{"rendered":"<p style=\"text-align: justify;\">En 1994, la Asamblea General de Naciones Unidas proclam\u00f3 el 16 de septiembre D\u00eda Internacional de la Preservaci\u00f3n de la Capa de Ozono, para conmemorar el d\u00eda en que se firm\u00f3 en Montreal, en 1987, el Protocolo relativo a las sustancias que agotan la capa de ozono.<\/p>\n<p style=\"text-align: justify;\">Como resultado de los esfuerzos internacionales concertados, la capa de ozono se est\u00e1 reponiendo y se espera que a mediados de este siglo se haya recuperado. Adem\u00e1s, el Protocolo de Montreal ha contribuido significativamente a la mitigaci\u00f3n del cambio clim\u00e1tico, al haber evitado la emisi\u00f3n a la atm\u00f3sfera de m\u00e1s de 135.000 millones de toneladas de equivalente de di\u00f3xido de carbono, simplemente mediante la eliminaci\u00f3n de las sustancias que agotan el ozono.<\/p>\n<p><strong><a href=\"http:\/\/www.un.org\/es\/events\/ozoneday\/\">http:\/\/www.un.org\/es\/events\/ozoneday\/<\/a><\/strong><\/p>\n","protected":false},"excerpt":{"rendered":"<p>En 1994, la Asamblea General de Naciones Unidas proclam\u00f3 el 16 de septiembre D\u00eda Internacional de la Preservaci\u00f3n de la Capa de Ozono, para conmemorar el d\u00eda en que se firm\u00f3 en<a class=\"moretag\" href=\"https:\/\/www.fbycc.org\/index.php\/events\/1152\/\">Leer m\u00e1s&#8230;<\/a><\/p>\n","protected":false},"author":2,"featured_media":0,"parent":0,"menu_order":0,"comment_status":"open","ping_status":"closed","template":"","event_listing_category":[75],"class_list":["post-1152","event_listing","type-event_listing","status-publish","hentry"],"_links":{"self":[{"href":"https:\/\/www.fbycc.org\/index.php\/wp-json\/wp\/v2\/event_listing\/1152","targetHints":{"allow":["GET"]}}],"collection":[{"href":"https:\/\/www.fbycc.org\/index.php\/wp-json\/wp\/v2\/event_listing"}],"about":[{"href":"https:\/\/www.fbycc.org\/index.php\/wp-json\/wp\/v2\/types\/event_listing"}],"author":[{"embeddable":true,"href":"https:\/\/www.fbycc.org\/index.php\/wp-json\/wp\/v2\/users\/2"}],"replies":[{"embeddable":true,"href":"https:\/\/www.fbycc.org\/index.php\/wp-json\/wp\/v2\/comments?post=1152"}],"wp:attachment":[{"href":"https:\/\/www.fbycc.org\/index.php\/wp-json\/wp\/v2\/media?parent=1152"}],"wp:term":[{"taxonomy":"event_listing_category","embeddable":true,"href":"https:\/\/www.fbycc.org\/index.php\/wp-json\/wp\/v2\/event_listing_category?post=1152"}],"curies":[{"name":"wp","href":"https:\/\/api.w.org\/{rel}","templated":true}]}}

Día Internacional de la Preservación de la Capa de Ozono

<p style="text-align: justify;">En 1994, la Asamblea General de Naciones Unidas proclamó el 16 de septiembre Día Internacional de la Preservación de la Capa de Ozono, para conmemorar el día en que se firmó en Montreal, en 1987, el Protocolo relativo a las sustancias que agotan la capa de ozono.</p>
<p style="text-align: justify;">Como resultado de los esfuerzos internacionales concertados, la capa de ozono se está reponiendo y se espera que a mediados de este siglo se haya recuperado. Además, el Protocolo de Montreal ha contribuido significativamente a la mitigación del cambio climático, al haber evitado la emisión a la atmósfera de más de 135.000 millones de toneladas de equivalente de dióxido de carbono, simplemente mediante la eliminación de las sustancias que agotan el ozono.</p>
<p><strong><a href="http://www.un.org/es/events/ozoneday/">http://www.un.org/es/events/ozoneday/</a></strong></p>

<p>En 1994, la Asamblea General de Naciones Unidas proclamó el 16 de septiembre Día Internacional de la Preservación de la Capa de Ozono, para conmemorar el día en que se firmó en<a class="moretag" href="https://www.fbycc.org/index.php/events/1152/">Leer más&#8230;</a></p>
