{"id":1151,"date":"2017-07-07T11:39:54","date_gmt":"2017-07-07T11:39:54","guid":{"rendered":"http:\/\/www.fbycc.org\/?post_type=event_listing&#038;p=1151"},"modified":"2017-07-17T11:57:45","modified_gmt":"2017-07-17T11:57:45","slug":"dia-internacional-de-los-pueblos-indigenas","status":"publish","type":"event_listing","link":"https:\/\/www.fbycc.org\/index.php\/events\/dia-internacional-de-los-pueblos-indigenas\/","title":{"rendered":"D\u00eda Internacional de los Pueblos Ind\u00edgenas"},"content":{"rendered":"<div class=\"csc-textpic-text\">\n<p style=\"text-align: justify;\">Los pueblos ind\u00edgenas representan una gran diversidad: m\u00e1s de 5000 grupos distintos en unos 90 pa\u00edses y hablan una abrumadora mayor\u00eda de las aproximadamente 7000 lenguas del mundo. Est\u00e1n constituidos por 370 millones de personas aproximadamente, es decir, m\u00e1s del 5% de la poblaci\u00f3n mundial y, sin embargo, se encuentran entre las poblaciones m\u00e1s desfavorecidas y vulnerables representando el 15 por ciento de los m\u00e1s pobres.<\/p>\n<p style=\"text-align: justify;\">Los pueblos ind\u00edgenas han heredado y practican culturas y formas \u00fanicas de relacionarse con la gente y el medio ambiente. Retienen, adem\u00e1s, rasgos sociales, culturales, econ\u00f3micos y pol\u00edticos que son distintos de los predominantes en las sociedades en las que viven. Pese a sus diferencias culturales, los pueblos ind\u00edgenas de todo el mundo comparten problemas comunes a la hora de proteger sus derechos como pueblos diferentes.<\/p>\n<p style=\"text-align: justify;\">Las poblaciones aut\u00f3ctonas han buscado durante a\u00f1os el reconocimiento de sus identidades, su forma de vida y el derecho sobre sus territorios tradicionales y recursos naturales. Pese a ello, a lo largo de la historia, sus derechos han sido siempre violados. En la actualidad, se encuentran sin duda entre las poblaciones m\u00e1s vulnerables y perjudicadas del mundo. La comunidad internacional reconoce ahora que se necesitan medidas especiales para proteger sus derechos y mantener sus culturas y formas de vida.<\/p>\n<p><strong><a href=\"http:\/\/www.un.org\/es\/events\/indigenousday\/\">http:\/\/www.un.org\/es\/events\/indigenousday\/<\/a><\/strong><\/p>\n<\/div>\n","protected":false},"excerpt":{"rendered":"<p>Los pueblos ind\u00edgenas representan una gran diversidad: m\u00e1s de 5000 grupos distintos en unos 90 pa\u00edses y hablan una abrumadora mayor\u00eda de las aproximadamente 7000 lenguas del mundo. Est\u00e1n constituidos por 370<a class=\"moretag\" href=\"https:\/\/www.fbycc.org\/index.php\/events\/dia-internacional-de-los-pueblos-indigenas\/\">Leer m\u00e1s&#8230;<\/a><\/p>\n","protected":false},"author":2,"featured_media":0,"parent":0,"menu_order":0,"comment_status":"open","ping_status":"closed","template":"","event_listing_category":[75],"class_list":["post-1151","event_listing","type-event_listing","status-publish","hentry"],"_links":{"self":[{"href":"https:\/\/www.fbycc.org\/index.php\/wp-json\/wp\/v2\/event_listing\/1151","targetHints":{"allow":["GET"]}}],"collection":[{"href":"https:\/\/www.fbycc.org\/index.php\/wp-json\/wp\/v2\/event_listing"}],"about":[{"href":"https:\/\/www.fbycc.org\/index.php\/wp-json\/wp\/v2\/types\/event_listing"}],"author":[{"embeddable":true,"href":"https:\/\/www.fbycc.org\/index.php\/wp-json\/wp\/v2\/users\/2"}],"replies":[{"embeddable":true,"href":"https:\/\/www.fbycc.org\/index.php\/wp-json\/wp\/v2\/comments?post=1151"}],"wp:attachment":[{"href":"https:\/\/www.fbycc.org\/index.php\/wp-json\/wp\/v2\/media?parent=1151"}],"wp:term":[{"taxonomy":"event_listing_category","embeddable":true,"href":"https:\/\/www.fbycc.org\/index.php\/wp-json\/wp\/v2\/event_listing_category?post=1151"}],"curies":[{"name":"wp","href":"https:\/\/api.w.org\/{rel}","templated":true}]}}

Día Internacional de los Pueblos Indígenas

<div class="csc-textpic-text">
<p style="text-align: justify;">Los pueblos indígenas representan una gran diversidad: más de 5000 grupos distintos en unos 90 países y hablan una abrumadora mayoría de las aproximadamente 7000 lenguas del mundo. Están constituidos por 370 millones de personas aproximadamente, es decir, más del 5% de la población mundial y, sin embargo, se encuentran entre las poblaciones más desfavorecidas y vulnerables representando el 15 por ciento de los más pobres.</p>
<p style="text-align: justify;">Los pueblos indígenas han heredado y practican culturas y formas únicas de relacionarse con la gente y el medio ambiente. Retienen, además, rasgos sociales, culturales, económicos y políticos que son distintos de los predominantes en las sociedades en las que viven. Pese a sus diferencias culturales, los pueblos indígenas de todo el mundo comparten problemas comunes a la hora de proteger sus derechos como pueblos diferentes.</p>
<p style="text-align: justify;">Las poblaciones autóctonas han buscado durante años el reconocimiento de sus identidades, su forma de vida y el derecho sobre sus territorios tradicionales y recursos naturales. Pese a ello, a lo largo de la historia, sus derechos han sido siempre violados. En la actualidad, se encuentran sin duda entre las poblaciones más vulnerables y perjudicadas del mundo. La comunidad internacional reconoce ahora que se necesitan medidas especiales para proteger sus derechos y mantener sus culturas y formas de vida.</p>
<p><strong><a href="http://www.un.org/es/events/indigenousday/">http://www.un.org/es/events/indigenousday/</a></strong></p>
</div>

<p>Los pueblos indígenas representan una gran diversidad: más de 5000 grupos distintos en unos 90 países y hablan una abrumadora mayoría de las aproximadamente 7000 lenguas del mundo. Están constituidos por 370<a class="moretag" href="https://www.fbycc.org/index.php/events/dia-internacional-de-los-pueblos-indigenas/">Leer más&#8230;</a></p>
