{"id":1150,"date":"2017-07-07T11:17:26","date_gmt":"2017-07-07T11:17:26","guid":{"rendered":"http:\/\/www.fbycc.org\/?post_type=event_listing&#038;p=1150"},"modified":"2017-07-17T11:57:56","modified_gmt":"2017-07-17T11:57:56","slug":"dia-del-defensor-del-medio-ambiente","status":"publish","type":"event_listing","link":"https:\/\/www.fbycc.org\/index.php\/events\/dia-del-defensor-del-medio-ambiente\/","title":{"rendered":"D\u00eda del Defensor del Medio Ambiente"},"content":{"rendered":"<p style=\"text-align: justify;\">En 2006, las Cortes de Castilla-La Mancha aprobaron en una sesi\u00f3n plenaria extraordinaria una Ley por la que se establece el d\u00eda 17 de Julio de cada a\u00f1o como\u00a0<strong>D\u00eda del Defensor del Medio Ambiente<\/strong>, como homenaje a los once trabajadores forestales que perdieron la vida mientras luchaban contra el fuego desatado en el Ducado de Medinaceli (Guadalajara) un a\u00f1o antes.<\/p>\n<p style=\"text-align: justify;\">Este d\u00eda es una jornada de reflexi\u00f3n que promueve la concienciaci\u00f3n en el cuidado del medio ambiente y la actuaci\u00f3n responsable en las zonas forestales. El D\u00eda del Defensor del Medio Ambiente es adem\u00e1s una muestra de gratitud hacia todas las personas que ha dado su vida por la defensa de la naturaleza y hacia todas aquellas que diariamente luchan por mejorar y proteger nuestro patrimonio natural.<\/p>\n","protected":false},"excerpt":{"rendered":"<p>En 2006, las Cortes de Castilla-La Mancha aprobaron en una sesi\u00f3n plenaria extraordinaria una Ley por la que se establece el d\u00eda 17 de Julio de cada a\u00f1o como\u00a0D\u00eda del Defensor del<a class=\"moretag\" href=\"https:\/\/www.fbycc.org\/index.php\/events\/dia-del-defensor-del-medio-ambiente\/\">Leer m\u00e1s&#8230;<\/a><\/p>\n","protected":false},"author":2,"featured_media":0,"parent":0,"menu_order":0,"comment_status":"open","ping_status":"closed","template":"","event_listing_category":[],"class_list":["post-1150","event_listing","type-event_listing","status-publish","hentry"],"_links":{"self":[{"href":"https:\/\/www.fbycc.org\/index.php\/wp-json\/wp\/v2\/event_listing\/1150","targetHints":{"allow":["GET"]}}],"collection":[{"href":"https:\/\/www.fbycc.org\/index.php\/wp-json\/wp\/v2\/event_listing"}],"about":[{"href":"https:\/\/www.fbycc.org\/index.php\/wp-json\/wp\/v2\/types\/event_listing"}],"author":[{"embeddable":true,"href":"https:\/\/www.fbycc.org\/index.php\/wp-json\/wp\/v2\/users\/2"}],"replies":[{"embeddable":true,"href":"https:\/\/www.fbycc.org\/index.php\/wp-json\/wp\/v2\/comments?post=1150"}],"wp:attachment":[{"href":"https:\/\/www.fbycc.org\/index.php\/wp-json\/wp\/v2\/media?parent=1150"}],"wp:term":[{"taxonomy":"event_listing_category","embeddable":true,"href":"https:\/\/www.fbycc.org\/index.php\/wp-json\/wp\/v2\/event_listing_category?post=1150"}],"curies":[{"name":"wp","href":"https:\/\/api.w.org\/{rel}","templated":true}]}}

Día del Defensor del Medio Ambiente

<p style="text-align: justify;">En 2006, las Cortes de Castilla-La Mancha aprobaron en una sesión plenaria extraordinaria una Ley por la que se establece el día 17 de Julio de cada año como <strong>Día del Defensor del Medio Ambiente</strong>, como homenaje a los once trabajadores forestales que perdieron la vida mientras luchaban contra el fuego desatado en el Ducado de Medinaceli (Guadalajara) un año antes.</p>
<p style="text-align: justify;">Este día es una jornada de reflexión que promueve la concienciación en el cuidado del medio ambiente y la actuación responsable en las zonas forestales. El Día del Defensor del Medio Ambiente es además una muestra de gratitud hacia todas las personas que ha dado su vida por la defensa de la naturaleza y hacia todas aquellas que diariamente luchan por mejorar y proteger nuestro patrimonio natural.</p>

<p>En 2006, las Cortes de Castilla-La Mancha aprobaron en una sesión plenaria extraordinaria una Ley por la que se establece el día 17 de Julio de cada año como Día del Defensor del<a class="moretag" href="https://www.fbycc.org/index.php/events/dia-del-defensor-del-medio-ambiente/">Leer más&#8230;</a></p>
